{"id":42,"date":"2020-04-15T15:46:39","date_gmt":"2020-04-15T13:46:39","guid":{"rendered":"https:\/\/www.pinifri.fr\/Portfolio\/?page_id=42"},"modified":"2021-10-17T17:24:13","modified_gmt":"2021-10-17T15:24:13","slug":"accueil","status":"publish","type":"page","link":"https:\/\/www.pinifri.fr\/Portfolio\/","title":{"rendered":"Accueil"},"content":{"rendered":"\t\t<div data-elementor-type=\"wp-page\" data-elementor-id=\"42\" class=\"elementor elementor-42\" data-elementor-settings=\"{&quot;ha_cmc_init_switcher&quot;:&quot;no&quot;}\" data-elementor-post-type=\"page\">\n\t\t\t\t\t\t<section class=\"has_eae_slider elementor-section elementor-top-section elementor-element elementor-element-ba9f097 elementor-section-boxed elementor-section-height-default elementor-section-height-default\" data-eae-slider=\"72251\" data-id=\"ba9f097\" data-element_type=\"section\" data-e-type=\"section\" data-settings=\"{&quot;_ha_eqh_enable&quot;:false}\">\n\t\t\t\t\t\t<div class=\"elementor-container elementor-column-gap-default\">\n\t\t\t\t\t<div class=\"has_eae_slider elementor-column elementor-col-50 elementor-top-column elementor-element elementor-element-d3ca7d9\" data-eae-slider=\"69497\" data-id=\"d3ca7d9\" data-element_type=\"column\" data-e-type=\"column\">\n\t\t\t<div class=\"elementor-widget-wrap elementor-element-populated\">\n\t\t\t\t\t\t<div class=\"elementor-element elementor-element-3251edd elementor-widget elementor-widget-text-editor\" data-id=\"3251edd\" data-element_type=\"widget\" data-e-type=\"widget\" data-widget_type=\"text-editor.default\">\n\t\t\t\t<div class=\"elementor-widget-container\">\n\t\t\t\t\t\t\t\t\t<p>J&rsquo;ai toujours aim\u00e9 et \u00e9t\u00e9 attir\u00e9e depuis ma plus tendre enfance \u00e0 la cr\u00e9ation, aux harmonies de couleurs, au design&#8230; J&rsquo;ai pu concr\u00e9tiser ma passion en obtenant une formation en 1998 de \u00ab\u00a0cr\u00e9ateur multim\u00e9dia\u00a0\u00bb. Celle-ci m&rsquo;a permis quelques mois plus tard de me mettre \u00e0 mon compte et ce jusqu&rsquo;\u00e0 ce que je parte \u00e0 l&rsquo;autre bout du monde en 2011 pour suivre mon compagnon.<\/p>\t\t\t\t\t\t\t\t<\/div>\n\t\t\t\t<\/div>\n\t\t\t\t\t<\/div>\n\t\t<\/div>\n\t\t\t\t<div class=\"has_eae_slider elementor-column elementor-col-50 elementor-top-column elementor-element elementor-element-5dc96d3\" data-eae-slider=\"31381\" data-id=\"5dc96d3\" data-element_type=\"column\" data-e-type=\"column\">\n\t\t\t<div class=\"elementor-widget-wrap elementor-element-populated\">\n\t\t\t\t\t\t<div class=\"elementor-element elementor-element-9e820ab elementor-widget elementor-widget-text-editor\" data-id=\"9e820ab\" data-element_type=\"widget\" data-e-type=\"widget\" data-widget_type=\"text-editor.default\">\n\t\t\t\t<div class=\"elementor-widget-container\">\n\t\t\t\t\t\t\t\t\t<p>Les 8 ans pass\u00e9s, la photographie et les voyages ont \u00e9t\u00e9 mon quotidien puis vint le retour en m\u00e9tropole. L&rsquo;\u00e9volution logicielle et technologique du Web ayant tellement chang\u00e9, j&rsquo;ai d\u00e9cid\u00e9 de suivre une formation dipl\u00f4mante de \u00ab\u00a0Web Designer\u00a0\u00bb au CEFii (Ecole sup\u00e9rieure du Web \u00e0 Angers). Dipl\u00f4m\u00e9e en 2021.<\/p><p><a href=\"https:\/\/www.pinifri.fr\/Portfolio\/en-savoir-plus\/\">\u00a0&#8230; En savoir plus (t\u00e9l\u00e9charger mon CV)\u00a0<\/a><\/p>\t\t\t\t\t\t\t\t<\/div>\n\t\t\t\t<\/div>\n\t\t\t\t\t<\/div>\n\t\t<\/div>\n\t\t\t\t\t<\/div>\n\t\t<\/section>\n\t\t\t\t<\/div>\n\t\t","protected":false},"excerpt":{"rendered":"<p>J&rsquo;ai toujours aim\u00e9 et \u00e9t\u00e9 attir\u00e9e depuis ma plus tendre enfance \u00e0 la cr\u00e9ation, aux harmonies de couleurs, au design&#8230; [&hellip;]<\/p>\n","protected":false},"author":1,"featured_media":0,"parent":0,"menu_order":0,"comment_status":"closed","ping_status":"closed","template":"page-templates\/template_fullwidth.php","meta":{"_eb_attr":"","_monsterinsights_skip_tracking":false,"_monsterinsights_sitenote_active":false,"_monsterinsights_sitenote_note":"","_monsterinsights_sitenote_category":0,"_uf_show_specific_survey":0,"_uf_disable_surveys":false,"footnotes":""},"class_list":["post-42","page","type-page","status-publish","hentry","clearfix"],"aioseo_notices":[],"yoast_head":"<!-- This site is optimized with the Yoast SEO plugin v27.5 - https:\/\/yoast.com\/product\/yoast-seo-wordpress\/ -->\n<title>Pr\u00e9sentation de mon Portfolio de Web Designer : Sandrine Beauc\u00f4t\u00e9<\/title>\n<meta name=\"description\" content=\"J\u2019ai toujours aim\u00e9 et \u00e9t\u00e9 attir\u00e9e depuis ma plus tendre enfance \u00e0 la cr\u00e9ation, aux harmonies de couleurs, au design\u2026 Visitez mon Portfolio ...\" \/>\n<meta name=\"robots\" content=\"index, follow, max-snippet:-1, max-image-preview:large, max-video-preview:-1\" \/>\n<link rel=\"canonical\" href=\"https:\/\/www.pinifri.fr\/Portfolio\/\" \/>\n<meta property=\"og:locale\" content=\"fr_FR\" \/>\n<meta property=\"og:type\" content=\"article\" \/>\n<meta property=\"og:title\" content=\"Pr\u00e9sentation de mon Portfolio de Web Designer : Sandrine Beauc\u00f4t\u00e9\" \/>\n<meta property=\"og:description\" content=\"J\u2019ai toujours aim\u00e9 et \u00e9t\u00e9 attir\u00e9e depuis ma plus tendre enfance \u00e0 la cr\u00e9ation, aux harmonies de couleurs, au design\u2026 Visitez mon Portfolio ...\" \/>\n<meta property=\"og:url\" content=\"https:\/\/www.pinifri.fr\/Portfolio\/\" \/>\n<meta property=\"og:site_name\" content=\"Portfolio\" \/>\n<meta property=\"article:modified_time\" content=\"2021-10-17T15:24:13+00:00\" \/>\n<meta name=\"twitter:card\" content=\"summary_large_image\" \/>\n<meta name=\"twitter:label1\" content=\"Dur\u00e9e de lecture estim\u00e9e\" \/>\n\t<meta name=\"twitter:data1\" content=\"1 minute\" \/>\n<script type=\"application\/ld+json\" class=\"yoast-schema-graph\">{\"@context\":\"https:\\\/\\\/schema.org\",\"@graph\":[{\"@type\":\"WebPage\",\"@id\":\"https:\\\/\\\/www.pinifri.fr\\\/Portfolio\\\/\",\"url\":\"https:\\\/\\\/www.pinifri.fr\\\/Portfolio\\\/\",\"name\":\"Pr\u00e9sentation de mon Portfolio de Web Designer : Sandrine Beauc\u00f4t\u00e9\",\"isPartOf\":{\"@id\":\"https:\\\/\\\/www.pinifri.fr\\\/Portfolio\\\/#website\"},\"datePublished\":\"2020-04-15T13:46:39+00:00\",\"dateModified\":\"2021-10-17T15:24:13+00:00\",\"description\":\"J\u2019ai toujours aim\u00e9 et \u00e9t\u00e9 attir\u00e9e depuis ma plus tendre enfance \u00e0 la cr\u00e9ation, aux harmonies de couleurs, au design\u2026 Visitez mon Portfolio ...\",\"breadcrumb\":{\"@id\":\"https:\\\/\\\/www.pinifri.fr\\\/Portfolio\\\/#breadcrumb\"},\"inLanguage\":\"fr-FR\",\"potentialAction\":[{\"@type\":\"ReadAction\",\"target\":[\"https:\\\/\\\/www.pinifri.fr\\\/Portfolio\\\/\"]}]},{\"@type\":\"BreadcrumbList\",\"@id\":\"https:\\\/\\\/www.pinifri.fr\\\/Portfolio\\\/#breadcrumb\",\"itemListElement\":[{\"@type\":\"ListItem\",\"position\":1,\"name\":\"Accueil\",\"item\":\"https:\\\/\\\/www.pinifri.fr\\\/Portfolio\\\/\"},{\"@type\":\"ListItem\",\"position\":2,\"name\":\"Accueil\"}]},{\"@type\":\"WebSite\",\"@id\":\"https:\\\/\\\/www.pinifri.fr\\\/Portfolio\\\/#website\",\"url\":\"https:\\\/\\\/www.pinifri.fr\\\/Portfolio\\\/\",\"name\":\"Portfolio\",\"description\":\" de Sandrine Beauc\u00f4t\u00e9 ...\",\"publisher\":{\"@id\":\"https:\\\/\\\/www.pinifri.fr\\\/Portfolio\\\/#organization\"},\"potentialAction\":[{\"@type\":\"SearchAction\",\"target\":{\"@type\":\"EntryPoint\",\"urlTemplate\":\"https:\\\/\\\/www.pinifri.fr\\\/Portfolio\\\/?s={search_term_string}\"},\"query-input\":{\"@type\":\"PropertyValueSpecification\",\"valueRequired\":true,\"valueName\":\"search_term_string\"}}],\"inLanguage\":\"fr-FR\"},{\"@type\":\"Organization\",\"@id\":\"https:\\\/\\\/www.pinifri.fr\\\/Portfolio\\\/#organization\",\"name\":\"Portfolio\",\"url\":\"https:\\\/\\\/www.pinifri.fr\\\/Portfolio\\\/\",\"logo\":{\"@type\":\"ImageObject\",\"inLanguage\":\"fr-FR\",\"@id\":\"https:\\\/\\\/www.pinifri.fr\\\/Portfolio\\\/#\\\/schema\\\/logo\\\/image\\\/\",\"url\":\"https:\\\/\\\/www.pinifri.fr\\\/Portfolio\\\/wp-content\\\/uploads\\\/2020\\\/04\\\/cropped-logo-426px.png\",\"contentUrl\":\"https:\\\/\\\/www.pinifri.fr\\\/Portfolio\\\/wp-content\\\/uploads\\\/2020\\\/04\\\/cropped-logo-426px.png\",\"width\":318,\"height\":302,\"caption\":\"Portfolio\"},\"image\":{\"@id\":\"https:\\\/\\\/www.pinifri.fr\\\/Portfolio\\\/#\\\/schema\\\/logo\\\/image\\\/\"}}]}<\/script>\n<!-- \/ Yoast SEO plugin. -->","yoast_head_json":{"title":"Pr\u00e9sentation de mon Portfolio de Web Designer : Sandrine Beauc\u00f4t\u00e9","description":"J\u2019ai toujours aim\u00e9 et \u00e9t\u00e9 attir\u00e9e depuis ma plus tendre enfance \u00e0 la cr\u00e9ation, aux harmonies de couleurs, au design\u2026 Visitez mon Portfolio ...","robots":{"index":"index","follow":"follow","max-snippet":"max-snippet:-1","max-image-preview":"max-image-preview:large","max-video-preview":"max-video-preview:-1"},"canonical":"https:\/\/www.pinifri.fr\/Portfolio\/","og_locale":"fr_FR","og_type":"article","og_title":"Pr\u00e9sentation de mon Portfolio de Web Designer : Sandrine Beauc\u00f4t\u00e9","og_description":"J\u2019ai toujours aim\u00e9 et \u00e9t\u00e9 attir\u00e9e depuis ma plus tendre enfance \u00e0 la cr\u00e9ation, aux harmonies de couleurs, au design\u2026 Visitez mon Portfolio ...","og_url":"https:\/\/www.pinifri.fr\/Portfolio\/","og_site_name":"Portfolio","article_modified_time":"2021-10-17T15:24:13+00:00","twitter_card":"summary_large_image","twitter_misc":{"Dur\u00e9e de lecture estim\u00e9e":"1 minute"},"schema":{"@context":"https:\/\/schema.org","@graph":[{"@type":"WebPage","@id":"https:\/\/www.pinifri.fr\/Portfolio\/","url":"https:\/\/www.pinifri.fr\/Portfolio\/","name":"Pr\u00e9sentation de mon Portfolio de Web Designer : Sandrine Beauc\u00f4t\u00e9","isPartOf":{"@id":"https:\/\/www.pinifri.fr\/Portfolio\/#website"},"datePublished":"2020-04-15T13:46:39+00:00","dateModified":"2021-10-17T15:24:13+00:00","description":"J\u2019ai toujours aim\u00e9 et \u00e9t\u00e9 attir\u00e9e depuis ma plus tendre enfance \u00e0 la cr\u00e9ation, aux harmonies de couleurs, au design\u2026 Visitez mon Portfolio ...","breadcrumb":{"@id":"https:\/\/www.pinifri.fr\/Portfolio\/#breadcrumb"},"inLanguage":"fr-FR","potentialAction":[{"@type":"ReadAction","target":["https:\/\/www.pinifri.fr\/Portfolio\/"]}]},{"@type":"BreadcrumbList","@id":"https:\/\/www.pinifri.fr\/Portfolio\/#breadcrumb","itemListElement":[{"@type":"ListItem","position":1,"name":"Accueil","item":"https:\/\/www.pinifri.fr\/Portfolio\/"},{"@type":"ListItem","position":2,"name":"Accueil"}]},{"@type":"WebSite","@id":"https:\/\/www.pinifri.fr\/Portfolio\/#website","url":"https:\/\/www.pinifri.fr\/Portfolio\/","name":"Portfolio","description":" de Sandrine Beauc\u00f4t\u00e9 ...","publisher":{"@id":"https:\/\/www.pinifri.fr\/Portfolio\/#organization"},"potentialAction":[{"@type":"SearchAction","target":{"@type":"EntryPoint","urlTemplate":"https:\/\/www.pinifri.fr\/Portfolio\/?s={search_term_string}"},"query-input":{"@type":"PropertyValueSpecification","valueRequired":true,"valueName":"search_term_string"}}],"inLanguage":"fr-FR"},{"@type":"Organization","@id":"https:\/\/www.pinifri.fr\/Portfolio\/#organization","name":"Portfolio","url":"https:\/\/www.pinifri.fr\/Portfolio\/","logo":{"@type":"ImageObject","inLanguage":"fr-FR","@id":"https:\/\/www.pinifri.fr\/Portfolio\/#\/schema\/logo\/image\/","url":"https:\/\/www.pinifri.fr\/Portfolio\/wp-content\/uploads\/2020\/04\/cropped-logo-426px.png","contentUrl":"https:\/\/www.pinifri.fr\/Portfolio\/wp-content\/uploads\/2020\/04\/cropped-logo-426px.png","width":318,"height":302,"caption":"Portfolio"},"image":{"@id":"https:\/\/www.pinifri.fr\/Portfolio\/#\/schema\/logo\/image\/"}}]}},"_links":{"self":[{"href":"https:\/\/www.pinifri.fr\/Portfolio\/wp-json\/wp\/v2\/pages\/42","targetHints":{"allow":["GET"]}}],"collection":[{"href":"https:\/\/www.pinifri.fr\/Portfolio\/wp-json\/wp\/v2\/pages"}],"about":[{"href":"https:\/\/www.pinifri.fr\/Portfolio\/wp-json\/wp\/v2\/types\/page"}],"author":[{"embeddable":true,"href":"https:\/\/www.pinifri.fr\/Portfolio\/wp-json\/wp\/v2\/users\/1"}],"replies":[{"embeddable":true,"href":"https:\/\/www.pinifri.fr\/Portfolio\/wp-json\/wp\/v2\/comments?post=42"}],"version-history":[{"count":30,"href":"https:\/\/www.pinifri.fr\/Portfolio\/wp-json\/wp\/v2\/pages\/42\/revisions"}],"predecessor-version":[{"id":1346,"href":"https:\/\/www.pinifri.fr\/Portfolio\/wp-json\/wp\/v2\/pages\/42\/revisions\/1346"}],"wp:attachment":[{"href":"https:\/\/www.pinifri.fr\/Portfolio\/wp-json\/wp\/v2\/media?parent=42"}],"curies":[{"name":"wp","href":"https:\/\/api.w.org\/{rel}","templated":true}]}}

<div data-elementor-type="wp-page" data-elementor-id="42" class="elementor elementor-42" data-elementor-settings="{&quot;ha_cmc_init_switcher&quot;:&quot;no&quot;}" data-elementor-post-type="page">
						<section class="has_eae_slider elementor-section elementor-top-section elementor-element elementor-element-ba9f097 elementor-section-boxed elementor-section-height-default elementor-section-height-default" data-eae-slider="72251" data-id="ba9f097" data-element_type="section" data-e-type="section" data-settings="{&quot;_ha_eqh_enable&quot;:false}">
						<div class="elementor-container elementor-column-gap-default">
					<div class="has_eae_slider elementor-column elementor-col-50 elementor-top-column elementor-element elementor-element-d3ca7d9" data-eae-slider="69497" data-id="d3ca7d9" data-element_type="column" data-e-type="column">
			<div class="elementor-widget-wrap elementor-element-populated">
						<div class="elementor-element elementor-element-3251edd elementor-widget elementor-widget-text-editor" data-id="3251edd" data-element_type="widget" data-e-type="widget" data-widget_type="text-editor.default">
				<div class="elementor-widget-container">
									<p>J&rsquo;ai toujours aimé et été attirée depuis ma plus tendre enfance à la création, aux harmonies de couleurs, au design&#8230; J&rsquo;ai pu concrétiser ma passion en obtenant une formation en 1998 de « créateur multimédia ». Celle-ci m&rsquo;a permis quelques mois plus tard de me mettre à mon compte et ce jusqu&rsquo;à ce que je parte à l&rsquo;autre bout du monde en 2011 pour suivre mon compagnon.</p>								</div>
				</div>
					</div>
		</div>
				<div class="has_eae_slider elementor-column elementor-col-50 elementor-top-column elementor-element elementor-element-5dc96d3" data-eae-slider="31381" data-id="5dc96d3" data-element_type="column" data-e-type="column">
			<div class="elementor-widget-wrap elementor-element-populated">
						<div class="elementor-element elementor-element-9e820ab elementor-widget elementor-widget-text-editor" data-id="9e820ab" data-element_type="widget" data-e-type="widget" data-widget_type="text-editor.default">
				<div class="elementor-widget-container">
									<p>Les 8 ans passés, la photographie et les voyages ont été mon quotidien puis vint le retour en métropole. L&rsquo;évolution logicielle et technologique du Web ayant tellement changé, j&rsquo;ai décidé de suivre une formation diplômante de « Web Designer » au CEFii (Ecole supérieure du Web à Angers). Diplômée en 2021.</p><p><a href="https://www.pinifri.fr/Portfolio/en-savoir-plus/"> &#8230; En savoir plus (télécharger mon CV) </a></p>								</div>
				</div>
					</div>
		</div>
					</div>
		</section>
				</div>

<p>J&rsquo;ai toujours aimé et été attirée depuis ma plus tendre enfance à la création, aux harmonies de couleurs, au design&#8230; [&hellip;]</p>

<!-- This site is optimized with the Yoast SEO plugin v27.5 - https://yoast.com/product/yoast-seo-wordpress/ -->
<title>Présentation de mon Portfolio de Web Designer : Sandrine Beaucôté</title>
<meta name="description" content="J’ai toujours aimé et été attirée depuis ma plus tendre enfance à la création, aux harmonies de couleurs, au design… Visitez mon Portfolio ..." />
<meta name="robots" content="index, follow, max-snippet:-1, max-image-preview:large, max-video-preview:-1" />
<link rel="canonical" href="https://www.pinifri.fr/Portfolio/" />
<meta property="og:locale" content="fr_FR" />
<meta property="og:type" content="article" />
<meta property="og:title" content="Présentation de mon Portfolio de Web Designer : Sandrine Beaucôté" />
<meta property="og:description" content="J’ai toujours aimé et été attirée depuis ma plus tendre enfance à la création, aux harmonies de couleurs, au design… Visitez mon Portfolio ..." />
<meta property="og:url" content="https://www.pinifri.fr/Portfolio/" />
<meta property="og:site_name" content="Portfolio" />
<meta property="article:modified_time" content="2021-10-17T15:24:13+00:00" />
<meta name="twitter:card" content="summary_large_image" />
<meta name="twitter:label1" content="Durée de lecture estimée" />
	<meta name="twitter:data1" content="1 minute" />
<script type="application/ld+json" class="yoast-schema-graph">{"@context":"https:\/\/schema.org","@graph":[{"@type":"WebPage","@id":"https:\/\/www.pinifri.fr\/Portfolio\/","url":"https:\/\/www.pinifri.fr\/Portfolio\/","name":"Présentation de mon Portfolio de Web Designer : Sandrine Beaucôté","isPartOf":{"@id":"https:\/\/www.pinifri.fr\/Portfolio\/#website"},"datePublished":"2020-04-15T13:46:39+00:00","dateModified":"2021-10-17T15:24:13+00:00","description":"J’ai toujours aimé et été attirée depuis ma plus tendre enfance à la création, aux harmonies de couleurs, au design… Visitez mon Portfolio ...","breadcrumb":{"@id":"https:\/\/www.pinifri.fr\/Portfolio\/#breadcrumb"},"inLanguage":"fr-FR","potentialAction":[{"@type":"ReadAction","target":["https:\/\/www.pinifri.fr\/Portfolio\/"]}]},{"@type":"BreadcrumbList","@id":"https:\/\/www.pinifri.fr\/Portfolio\/#breadcrumb","itemListElement":[{"@type":"ListItem","position":1,"name":"Accueil","item":"https:\/\/www.pinifri.fr\/Portfolio\/"},{"@type":"ListItem","position":2,"name":"Accueil"}]},{"@type":"WebSite","@id":"https:\/\/www.pinifri.fr\/Portfolio\/#website","url":"https:\/\/www.pinifri.fr\/Portfolio\/","name":"Portfolio","description":" de Sandrine Beaucôté ...","publisher":{"@id":"https:\/\/www.pinifri.fr\/Portfolio\/#organization"},"potentialAction":[{"@type":"SearchAction","target":{"@type":"EntryPoint","urlTemplate":"https:\/\/www.pinifri.fr\/Portfolio\/?s={search_term_string}"},"query-input":{"@type":"PropertyValueSpecification","valueRequired":true,"valueName":"search_term_string"}}],"inLanguage":"fr-FR"},{"@type":"Organization","@id":"https:\/\/www.pinifri.fr\/Portfolio\/#organization","name":"Portfolio","url":"https:\/\/www.pinifri.fr\/Portfolio\/","logo":{"@type":"ImageObject","inLanguage":"fr-FR","@id":"https:\/\/www.pinifri.fr\/Portfolio\/#\/schema\/logo\/image\/","url":"https:\/\/www.pinifri.fr\/Portfolio\/wp-content\/uploads\/2020\/04\/cropped-logo-426px.png","contentUrl":"https:\/\/www.pinifri.fr\/Portfolio\/wp-content\/uploads\/2020\/04\/cropped-logo-426px.png","width":318,"height":302,"caption":"Portfolio"},"image":{"@id":"https:\/\/www.pinifri.fr\/Portfolio\/#\/schema\/logo\/image\/"}}]}</script>
<!-- / Yoast SEO plugin. -->

Présentation de mon Portfolio de Web Designer : Sandrine Beaucôté

J’ai toujours aimé et été attirée depuis ma plus tendre enfance à la création, aux harmonies de couleurs, au design… Visitez mon Portfolio ...

de Sandrine Beaucôté ...
